en 1039 is divided by 26.
25
Calculate the remainder when 41467 is divided by 72.
67
Calculate the remainder when 3 is divided by 2.
1
Calculate the remainder when 84 is divided by 21.
0
Calculate the remainder when 2586 is divided by 14.
10
What is the remainder when 199 is divided by 34?
29
Calculate the remainder when 39 is divided by 7.
4
Calculate the remainder when 279 is divided by 56.
55
What is the remainder when 248 is divided by 73?
29
What is the remainder when 847 is divided by 168?
7
What is the remainder when 2803 is divided by 23?
20
Calculate the remainder when 582 is divided by 69.
30
What is the remainder when 66 is divided by 17?
15
Calculate the remainder when 110 is divided by 67.
43
Calculate the remainder when 1999 is divided by 50.
49
Calculate the remainder when 581 is divided by 94.
17
Calculate the remainder when 1556 is divided by 198.
170
Calculate the remainder when 104 is divided by 15.
14
Calculate the remainder when 248 is divided by 28.
24
What is the remainder when 7906 is divided by 11?
8
Calculate the remainder when 740 is divided by 12.
8
Calculate the remainder when 642 is divided by 152.
34
What is the remainder when 249 is divided by 19?
2
What is the remainder when 695 is divided by 175?
170
Calculate the remainder when 8276 is divided by 41.
35
Calculate the remainder when 233 is divided by 34.
29
Calculate the remainder when 332 is divided by 42.
38
Calculate the remainder when 1475 is divided by 57.
50
What is the remainder when 512 is divided by 56?
8
Calculate the remainder when 3001 is divided by 158.
157
Calculate the remainder when 8392 is divided by 336.
328
What is the remainder when 189 is divided by 81?
27
Calculate the remainder when 636 is divided by 106.
0
Calculate the remainder when 220 is divided by 37.
35
Calculate the remainder when 366 is divided by 78.
54
Calculate the remainder when 1223 is divided by 51.
50
Calculate the remainder when 2229 is divided by 8.
5
Calculate the remainder when 141 is divided by 55.
31
What is the remainder when 214 is divided by 43?
42
What is the remainder when 92 is divided by 16?
12
Calculate the remainder when 2830 is divided by 16.
14
What is the remainder when 61 is divided by 38?
23
Calculate the remainder when 4101 is divided by 114.
111
Calculate the remainder when 1015 is divided by 67.
10
Calculate the remainder when 2778 is divided by 27.
24
Calculate the remainder when 31 is divided by 19.
12
Calculate the remainder when 1510 is divided by 27.
25
Calculate the remainder when 635 is divided by 58.
55
What is the remainder when 212 is divided by 22?
14
What is the remainder when 1246 is divided by 411?
13
What is the remainder when 574 is divided by 24?
22
Calculate the remainder when 229 is divided by 27.
13
Calculate the remainder when 67 is divided by 9.
4
What is the remainder when 74 is divided by 21?
11
What is the remainder when 1427 is divided by 706?
15
What is the remainder when 1016 is divided by 85?
81
Calculate the remainder when 169 is divided by 14.
1
What is the remainder when 361 is divided by 93?
82
What is the remainder when 7900 is divided by 104?
100
Calculate the remainder when 2677 is divided by 20.
17
What is the remainder when 243 is divided by 83?
77
What is the remainder when 212 is divided by 108?
104
Calculate the remainder when 200 is divided by 47.
12
What is the remainder when 616 is divided by 27?
22
What is the remainder when 389 is divided by 26?
25
Calculate the remainder when 3950 is divided by 76.
74
What is the remainder when 139 is divided by 7?
6
Calculate the remainder when 1147 is divided by 18.
13
What is the remainder when 1868 is divided by 621?
5
Calculate the remainder when 463 is divided by 58.
57
Calculate the remainder when 2726 is divided by 88.
86
What is the remainder when 46 is divided by 13?
7
What is the remainder when 267 is divided by 50?
17
Calculate the remainder when 2012 is divided by 56.
52
Calculate the remainder when 125 is divided by 13.
8
Calculate the remainder when 35 is divided by 7.
0
What is the remainder when 3073 is divided by 220?
213
What is the remainder when 399 is divided by 99?
3
Calculate the remainder when 550 is divided by 547.
3
What is the remainder when 187 is divided by 176?
11
Calculate the remainder when 772 is divided by 18.
16
What is the remainder when 1054 is divided by 131?
6
What is the remainder when 385 is divided by 115?
40
What is the remainder when 7667 is divided by 9?
8
Calculate the remainder when 198 is divided by 10.
8
What is the remainder when 2083 is divided by 83?
8
Calculate the remainder when 825 is divided by 118.
117
Calculate the remainder when 641 is divided by 108.
101
Calculate the remainder when 2179 is divided by 7.
2
Calculate the remainder when 1636 is divided by 18.
16
Calculate the remainder when 293 is divided by 144.
5
Calculate the remainder when 26142 is divided by 152.
150
Calculate the remainder when 190 is divided by 89.
12
Calculate the remainder when 61 is divided by 11.
6
What is the remainder when 402 is divided by 196?
10
What is the remainder when 647 is divided by 191?
74
Calculate the remainder when 8656 is divided by 24.
16
What is the remainder when 3389 is divided by 29?
25
Calculate the remainder when 35 is divided by 18.
17
Calculate the remainder when 397 is divided by 25.
22
Calculate the remainder when 110 is divided by 56.
54
Calculate the remainder when 15931 is divided by 96.
91
What is the remainder when 162 is divided by 33?
30
Calculate the remainder when 285 is divided by 7.
5
Calculate the remainder when 105 is divided by 36.
33
What is the remainder when 15 is divided by 3?
0
What is the remainder when 1037 is divided by 118?
93
What is the remainder when 310 is divided by 12?
10
What is the remainder when 270 is divided by 17?
15
Calculate the remainder when 301 is divided by 34.
29
Calculate the remainder when 38871 is divided by 57.
54
What is the remainder when 212 is divided by 42?
2
What is the remainder when 1067 is divided by 21?
17
Calculate the remainder when 446 is divided by 14.
12
What is the remainder when 156 is divided by 41?
33
Calculate the remainder when 286 is divided by 19.
1
Calculate the remainder when 1823 is divided by 57.
56
Calculate the remainder when 621 is divided by 13.
10
What is the remainder when 361 is divided by 68?
21
Calculate the remainder when 1118 is divided by 51.
47
What is the remainder when 64 is divided by 31?
2
Calculate the remainder when 305 is divided by 73.
13
What is the remainder when 2541 is divided by 12?
9
What is the remainder when 213 is divided by 10?
3
What is the remainder when 22 is divided by 15?
7
What is the remainder when 283 is divided by 72?
67
Calculate the remainder when 3645 is divided by 38.
35
What is the remainder when 609 is divided by 235?
139
Calculate the remainder when 2650 is divided by 15.
10
Calculate the remainder when 223 is divided by 53.
11
What is the remainder when 74 is divided by 65?
9
Calculate the remainder when 156 is divided by 10.
6
What is the remainder when 295 is divided by 20?
15
What is the remainder when 3196 is divided by 78?
76
What is the remainder when 386 is divided by 10?
6
What is the remainder when 394 is divided by 15?
4
What is the remainder when 7720 is divided by 1929?
4
Calculate the remainder when 38 is divided by 14.
10
Calculate the remainder when 2446 is divided by 43.
38
What is the remainder when 103 is divided by 25?
3
Calculate the remainder when 983 is divided by 109.
2
What is the remainder when 121 is divided by 31?
28
What is the remainder when 393 is divided by 9?
6
What is the remainder when 2068 is divided by 393?
103
What is the remainder when 246 is divided by 101?
44
What is the remainder when 40 is divided by 10?
0
What is the remainder when 166 is divided by 30?
16
What is the remainder when 183 is divided by 18?
3
Calculate the remainder when 1079 is divided by 120.
119
Calculate the remainder when 83 is divided by 18.
11
Calculate the remainder when 129 is divided by 22.
19
Calculate the remainder when 472 is divided by 48.
40
What is the remainder when 10751 is divided by 12?
11
What is the remainder when 152 is divided by 11?
9
Calculate the rema